{"id":101,"date":"2019-05-10T17:40:27","date_gmt":"2019-05-10T15:40:27","guid":{"rendered":"http:\/\/wellness4car.cz\/?page_id=101"},"modified":"2026-04-29T18:41:25","modified_gmt":"2026-04-29T16:41:25","slug":"domu","status":"publish","type":"page","link":"https:\/\/wellness4car.cz\/","title":{"rendered":"MYC\u00cd CENTRUM VELK\u00c9 B\u00cdLOVICE"},"content":{"rendered":"","protected":false},"excerpt":{"rendered":"","protected":false},"author":1,"featured_media":0,"parent":0,"menu_order":0,"comment_status":"closed","ping_status":"closed","template":"","meta":[],"_links":{"self":[{"href":"https:\/\/wellness4car.cz\/index.php?rest_route=\/wp\/v2\/pages\/101"}],"collection":[{"href":"https:\/\/wellness4car.cz\/index.php?rest_route=\/wp\/v2\/pages"}],"about":[{"href":"https:\/\/wellness4car.cz\/index.php?rest_route=\/wp\/v2\/types\/page"}],"author":[{"embeddable":true,"href":"https:\/\/wellness4car.cz\/index.php?rest_route=\/wp\/v2\/users\/1"}],"replies":[{"embeddable":true,"href":"https:\/\/wellness4car.cz\/index.php?rest_route=%2Fwp%2Fv2%2Fcomments&post=101"}],"version-history":[{"count":4,"href":"https:\/\/wellness4car.cz\/index.php?rest_route=\/wp\/v2\/pages\/101\/revisions"}],"predecessor-version":[{"id":247,"href":"https:\/\/wellness4car.cz\/index.php?rest_route=\/wp\/v2\/pages\/101\/revisions\/247"}],"wp:attachment":[{"href":"https:\/\/wellness4car.cz\/index.php?rest_route=%2Fwp%2Fv2%2Fmedia&parent=101"}],"curies":[{"name":"wp","href":"https:\/\/api.w.org\/{rel}","templated":true}]}}